415bc (base 13) to base 15
11ec52
What is 316066 (base 8) in base 6?
2132314
-627020 (base 11) to base 5
-224124202
-36c9 (base 13) to base 2
-1111001011010
Convert -26c186 (base 16) to base 5.
-1122234120
-104723 (base 11) to base 3
-22111102100
2274033 (base 10) to base 9
4245343
What is bc90f (base 16) in base 6?
24315435
What is b6e43 (base 15) in base 6?
20234430
875aa (base 15) to base 10
429910
Convert 60664306 (base 7) to base 14.
95943d
What is 31322012 (base 5) in base 13?
9198b
Convert -37170 (base 10) to base 4.
-21010302
Convert -55563661 (base 8) to base 3.
-211112222212222
-4d839 (base 16) to base 2
-1001101100000111001
1103200133 (base 4) to base 10
342047
What is 719a (base 16) in base 13?
10311
Convert -99a65 (base 12) to base 5.
-23004233
What is 4327046 (base 9) in base 11?
1345a32
335240251 (base 6) to base 9
12476524
What is 42a56 (base 15) in base 3?
101202020100
1223652 (base 15) to base 8
61531741
-27588 (base 9) to base 3
-221122222
Convert -1373998 (base 12) to base 13.
-a5cc7a
Convert 331c1b (base 15) to base 11.
1414308
What is 1152a (base 14) in base 16?
a4c2
What is -12250003 (base 7) in base 2?
-100001101101001001111
12212012122122 (base 3) to base 14
5b0bd1
What is 100110000101110001010011 (base 2) in base 16?
985c53
1365170 (base 8) to base 11
245319
Convert -798b2b (base 12) to base 15.
-285e7b
21353156 (base 7) to base 8
6762670
What is 2441506 (base 8) in base 10?
672582
What is 111011101222 (base 3) in base 6?
5315255
Convert -4a00773 (base 11) to base 9.
-17325870
Convert -3125031 (base 7) to base 15.
-76763
34337581 (base 9) to base 2
111111100111100011011010
What is 22662477 (base 8) in base 6?
253523315
-773627 (base 13) to base 9
-5246852
What is -1353a (base 15) in base 7?
-345361
What is -11111010001100 (base 2) in base 3?
-210222001
262615 (base 9) to base 4
212322332
Convert -122743 (base 10) to base 4.
-131331313
10011100010010010 (base 2) to base 3
11001202122
-230540 (base 10) to base 6
-4535152
Convert 395d31 (base 15) to base 2.
1010100000010000111100
What is -111245 (base 9) in base 6?
-1232022
What is -437448 (base 10) in base 14?
-b55c4
What is 53052 (base 14) in base 4?
300323000
Convert -a2655 (base 12) to base 3.
-101202110102
40444212 (base 7) to base 4
30313113003
Convert -1101011011000111010 (base 2) to base 16.
-6b63a
-214334544 (base 6) to base 3
-21020210210201
What is 1013221221 (base 4) in base 14?
78d4d
What is -111001110001010110111010 (base 2) in base 5?
-12334110003
-a0498a (base 11) to base 14
-301417
1547076 (base 8) to base 9
748731
Convert 316773 (base 11) to base 16.
7bb53
-10000200220010 (base 3) to base 9
-3020803
298b3 (base 15) to base 12
65389
Convert 205255112 (base 6) to base 4.
31302232310
Convert -12231414 (base 8) to base 11.
-1584646
Convert -22a56a1 (base 12) to base 8.
-31403631
100110010110110001001 (base 2) to base 14
24a065
Convert -17062140 (base 10) to base 5.
-13331442030
What is -592da (base 15) in base 11?
-184543
Convert 1100000011111000011 (base 2) to base 12.
170857
Convert -1052160 (base 11) to base 10.
-1847615
What is 5c79b (base 15) in base 11?
191997
What is -21414663 (base 7) in base 6?
-103204203
Convert 935267 (base 10) to base 5.
214412032
-6ca07 (base 15) to base 13
-c1945
-b4b8 (base 16) to base 10
-46264
Convert -12cbb (base 16) to base 14.
-200b1
28613 (base 13) to base 16
127d0
Convert a071 (base 16) to base 4.
22001301
Convert -11133132 (base 4) to base 8.
-53736
What is -11001110101000110 (base 2) in base 7?
-620310
What is 91ab30 (base 12) in base 15?
300469
-121021212 (base 3) to base 5
-340001
1882459 (base 11) to base 13
874750
What is -520633 (base 9) in base 3?
-120200201010
Convert -113233413 (base 5) to base 15.
-a54dd
What is 437426 (base 8) in base 2?
100011111100010110
Convert 1274129 (base 12) to base 10.
3635889
-2224352 (base 6) to base 4
-123131030
40674233 (base 8) to base 13
1a289a3
-10443065 (base 7) to base 16
-dc14b
-115b73 (base 12) to base 11
-181306
Convert -332301113 (base 5) to base 4.
-11201101321
What is -885630a (base 11) in base 3?
-1002020122020200
174b (base 12) to base 14
1039
Convert 10024066 (base 7) to base 8.
3124505
Convert -588138 (base 9) to base 13.
-c4ca3
Convert 77623 (base 8) to base 15.
9a24
-e3eba (base 16) to base 12
-39030a
Convert -16511560 (base 7) to base 8.
-6125167
What is 120102002210 (base 3) in base 15?
5ed29
635689 (base 10) to base 9
1168001
Convert 10311333112 (base 4) to base 11.
797a5a
Convert a15ba5 (base 12) to base 16.
26716d
Convert 30231413 (base 8) to base 13.
1420587
What is -151030340 (base 6) in base 12?
-106b3b0
Convert 255123312 (base 6) to base 3.
100102012021022
-154051015 (base 6) to base 15
-449a02
What is 2398a4 (base 12) in base 10?
576700
79b344 (base 13) to base 3
12102100202102
Convert 81882a (base 11) to base 5.
314032242
What is 1784139 (base 10) in base 5?
424043024
What is -20121112122220 (base 3) in base 16?
-359f97
Convert 11587 (base 9) to base 4.
1321132
Convert 111121012012211 (base 3) to base 6.
414524251
44439 (base 10) to base 8
126627
-dcc40 (base 16) to base 9
-1627358
40522020 (base 6) to base 11
723855
Convert 1220012033 (base 4) to base 8.
1500617
Convert 1067240 (base 12) to base 2.
1011111010011010010000
What is 1112121001112 (base 3) in base 5?
202144313
Convert -1d255 (base 15) to base 11.
-65441
What is 20110112012222 (base 3) in base 12?
1197b75
What is 97b8 (base 13) in base 9?
31852
What is -413113041 (base 5) in base 13?
-472c98
What is -1e90f7 (base 16) in base 6?
-110534011
Convert -24986b2 (base 12) to base 15.
-969112
What is -176413 (base 10) in base 13?
-623b3
Convert 33302230 (base 4) to base 16.
fcac
Convert 121b8 (base 15) to base 13.
203b1
Convert 1151055 (base 11) to base 12.
8096b4
-22406134 (base 7) to base 16
-1dc800
What is -1865b (base 12) in base 4?
-20222213
-60154a4 (base 11) to base 12
-3697b10
Convert -16919 (base 16) to base 7.
-533336
100101001001110000 (base 2) to base 14
3d65a
What is 9059592 (base 10) in base 2?
100010100011110100001000
1061766 (base 8) to base 2
1000110001111110110
What is -363444 (base 7) in base 2?
-10000001000100100
What is 8064b (base 12) in base 13?
5ac08
What is -124052322 (base 6) in base 9?
-4517575
Convert 37b49 (base 15) to base 13.
63069
Convert c02b9 (base 14) to base 12.
1a3123
What is -a07974 (base 12) in base 10?
-2501800
-16062303 (base 9) to base 14
-10c8109
102302013330 (base 4) to base 5
2230031100
-502490 (base 11) to base 4
-3011120310
Convert 8104 (base 13) to base 14.
667b
-2220010121211 (base 3) to base 2
-101110111011101111011
-2220110212 (base 3) to base 12
-29135
7e2ca (base 15) to base 11
255256
3399b (base 12) to base 11
47772
11220222102011 (base 3) to base 12
a62857
Convert 145628 (base 11) to base 15.
47401
Convert 1277907 (base 11) to base 5.
1031102223
-131243 (base 9) to base 15
-1890c
What is -313555 (base 6) in base 15?
-7842
What is -273695 (base 10) in base 15?
-56165
b92c (base 14) to base 11
22040
What is -4425620 (base 7) in base 16?
-84f89
1137631 (base 12) to base 4
30220013011
Convert 2110110032 (base 4) to base 5.
123420002
What is -9283 (base 10) in base 12?
-5457
221001102 (base 4) to base 6
3333510
Convert -3032312313 (base 4) to base 9.
-1531230
-86765 (base 10) to base 8
-251355
Convert 11134343 (base 6) to base 14.
8b8c7
Convert 102222011202010 (base 3) to base 9.
12864663
Convert -641aa (base 12) to base 11.
-8a969
Convert 1155011 (base 7) to base 9.
245238
Convert -567b56b (base 12) to base 15.
-16c9dd5
Convert 2106b4a (base 12) to base 5.
3043422220
Convert -110012001200202 (base 3) to base 6.
-350453502
Convert -7a784 (base 11) to base 14.
-30784
Convert -2bae84 (base 16) to base 2.
-1010111010111010000100
What is 20404301 (base 5) in base 9?
277240
-86a479 (base 11) to base 5
-323441014
Convert -d31c (base 16) to base 3.
-2202010122
-1010221332 (base 4) to base 6
-10005530
What is 12122104 (base 5) in base 14?
2d7ad
Convert 2d0973 (base 15) to base 12.
891000
What is 730576 (base 8) in base 5?
30221141
Convert 41ccbd (base 14) to base 13.
5cba81
-3300123 (base 5) to base 9
-85182
-2a5c0c (base 14) to base 12
-5b2130
What is -10706638 (base 10) in base 16?
-a35ece
What is 5f2a3 (base 16) in base 6?
12204335
Convert -11749ba